-280. Calculate the greatest common divisor of t and 16.
16
Suppose 10*r - 6*r + 119 = 3*i, 2*i = 4*r + 74. Calculate the greatest common divisor of i and 9.
9
Let j = 157 - 87. What is the greatest common factor of j and 14?
14
Let t be (-5)/10 + (-102)/(-4). Calculate the highest common factor of t and 10.
5
Let o(h) = -9*h + 41. Let r(f) = 5*f - 21. Let a = 12 + -5. Let w(g) = a*r(g) + 4*o(g). Let v be w(0). What is the greatest common factor of v and 187?
17
Suppose 5*h = -5, -4*h + 40 = 5*w + 324. Let y be (w/(-3))/(1/6). What is the highest common divisor of 14 and y?
14
Suppose 4*d = 5*v + 25 - 75, 2*d = 0. What is the greatest common divisor of v and 20?
10
Let x(s) be the first derivative of 3*s**2/2 - 5*s + 2. Let o be x(5). Let r be 3*5*5/15. What is the greatest common factor of r and o?
5
Let d(x) = 5*x + 7. Let l(z) = -6*z - 7. Let t(a) = 7*d(a) + 6*l(a). Let y be t(4). Let b be -7*(144/(-14))/3. What is the highest common factor of y and b?
3
Let u be 0 - 22/(1*-2). Let l(a) = 24*a - 3. Let t be l(2). Suppose -3*k = 3*f + k - t, 0 = -2*f + 4*k + 10. What is the highest common divisor of u and f?
11
Suppose 26 + 37 = 3*b. What is the highest common factor of 105 and b?
21
Let x be (-80)/(-6) - (-2)/3. Let b be (-14)/(-7) - (1 + 3). Let s be b/3*(0 + -3). What is the greatest common factor of x and s?
2
Suppose -2*l + 408 = l. Let v(k) = k**3 + k + 17. Let b be v(0). What is the greatest common factor of l and b?
17
Suppose -8*o + 370 = -3*o. Suppose -o = -4*v + 126. Suppose -7*n = -2*n - v. Calculate the highest common divisor of n and 5.
5
Let j be -48*1*(-2)/4. Suppose -2*y + j = 2*y. Suppose x = 54 - y. Calculate the greatest common divisor of 16 and x.
16
Suppose 4*p - 10 = -p. Suppose p*u - 4*u + 30 = 0. What is the greatest common factor of u and 30?
15
Suppose 0*j = -3*j - 18. Let t(g) = -g - 4. Let i be t(j). Let u be 42/4 - 1/i. What is the highest common factor of u and 60?
10
Suppose -2*s - s = -6. Suppose 14 = f - s*j, 3*f - 2*j = j + 42. Calculate the highest common divisor of 126 and f.
14
Let o = 89 - -109. What is the greatest common divisor of 22 and o?
22
Let r = 14 + -11. Suppose -r*a + 25 = 2*a. Calculate the greatest common factor of a and 35.
5
Let j be 3/2 + (-189)/(-2). Calculate the highest common divisor of 12 and j.
12
Suppose -r = -4*r + 15. Suppose -o = x - 12, 2*o - x + r - 17 = 0. Let j(d) = 31*d**2 - 2*d - 1. Let y be j(-1). Calculate the highest common factor of o and y.
8
Let o be 68/2 + 0 + -2. Suppose 2*s = -0*s + 46. Let g = o - s. Calculate the greatest common factor of g and 99.
9
Suppose 0 = -w + 6*w - 460. Let u = w - 57. What is the greatest common divisor of u and 5?
5
Let o be (-480)/14 + (-4)/(-14). Let h = o - -51. Suppose 2*k - 2*t - 28 = 0, 4*k + 2*t - 79 = -h. Calculate the highest common divisor of k and 165.
15
Let k(j) be the first derivative of -j**3/3 - 9*j**2/2 + 7*j + 1. Let d be k(-9). Calculate the highest common factor of d and 49.
7
Let n = 2978 + -1859. Suppose -2*x - i + 557 = -0*x, 4*x - 3*i = n. What is the highest common factor of 31 and x?
31
Let z be (-33)/2*4/(-6). Calculate the greatest common divisor of z and 55.
11
Let s(x) = 3*x**2 + 8*x + 7. Suppose -27 = 3*u - v, -2*u + 3*v = v + 22. Let a be s(u). What is the highest common factor of 15 and a?
15
Let r(d) be the first derivative of -3 + 4*d**2 + 1/3*d**3 - 10*d. Let n be r(-10). Calculate the greatest common factor of n and 30.
10
Let m = 46 + -27. Suppose m = h - 2. Calculate the greatest common factor of 3 and h.
3
Suppose 3*y - 6*y = 0. Suppose 3*a + 4*s - 31 = y, -2*s + s + 9 = a. Let i = 3 + a. What is the highest common divisor of i and 88?
8
Let h(x) = 8*x**2 - 1. Let t be h(-1). Let c(r) = -r**3 + 6*r**2 + 10*r. Let z be c(t). Calculate the greatest common factor of 147 and z.
21
Suppose 4*f - p + 20 = 7*f, 2*f - 2*p = 16. Let i(y) = 2*y**2 + 10*y + 8. Let z be i(-8). What is the highest common divisor of f and z?
7
Suppose 24 - 249 = -5*o. Suppose -2*h - h = 5*x + 49, 3*x + 27 = -h. Let j be ((-2)/(-3))/(x/(-216)). What is the greatest common factor of o and j?
9
Let f = -115 - -236. What is the greatest common factor of 22 and f?
11
Let m(i) = -i**3 + 2*i + 50. Let y be m(0). What is the highest common divisor of y and 75?
25
Let m be (40/25)/(2/60). Let l = 172 + -112. Let c be ((-4)/(-10))/(2/l). What is the highest common divisor of m and c?
12
Let b(m) = -10*m + 4. Let n be b(-7). Let y = n + -44. Calculate the greatest common divisor of 6 and y.
6
Let m be (-11)/(110/(-252))*10. Calculate the highest common divisor of m and 28.
28
Let u = 111 + -97. Calculate the greatest common divisor of 154 and u.
14
Let z be 22*(3 - (-42)/4). What is the highest common factor of 27 and z?
27
Suppose l - 68 = -4*l - 2*h, -33 = -2*l + 5*h. What is the greatest common factor of 7 and l?
7
Suppose 5*w + 63 = 4*w. Let s = 36 - w. Let q be (-3 - -5)/(-1) - -11. Calculate the highest common divisor of s and q.
9
Let c be 1/(-4) + (-9)/(-4). Suppose c*t - t = 0. Let v(k) = k + 63. Let m be v(t). Calculate the highest common divisor of m and 9.
9
Suppose 5*s - 4 = -3*r + 52, -2*r + 2*s + 64 = 0. Let a = 38 - r. Calculate the greatest common factor of a and 99.
11
Suppose 4*c = -w + 17 - 2, w - 9 = -2*c. Suppose -5*t + 4*h + 55 = 0, 6*t + 2*h = c*t + 55. Calculate the greatest common divisor of 150 and t.
15
Suppose -4*b - 3*f = 11, b - 2*f = 4*b + 8. Let g(l) = -2*l**3 - l**2 + 2*l - 1. Let p be g(b). Let r = 9 - 2. Calculate the greatest common divisor of p and r.
7
Let z = -5 - -7. Suppose -2*m + 114 = z*g, 136 = 4*m - 4*g - 52. Calculate the greatest common divisor of 13 and m.
13
Suppose -7*f - 9*f + 64 = 0. Let a be (13 - (2 - 3))*2. Calculate the greatest common factor of f and a.
4
Let f(d) = 6*d**3 - 3 - 2*d - 5*d**3 + 7*d**2 - 2*d. Let z be f(-7). Let b(n) = 5*n**2 + n - 1. Let m be b(1). What is the greatest common factor of z and m?
5
Suppose 0 = 3*f - 5*f + 80. Suppose -2*z = -z - f. Suppose 2*o - z = 4*h, -5*o = 4*h - 104 + 4. What is the greatest common divisor of o and 4?
4
Let n(l) = 3*l - 4. Let x be n(3). Let t be (14*-1)/(x/(-70)). Let h = t - 133. Calculate the highest common divisor of h and 7.
7
Let x be (-2)/((-4)/(-2)) + 67. Let j be x/14 - 4/(-14). Calculate the greatest common factor of j and 2.
1
Suppose 0 - 9 = c. Let u = 8 - c. Let p = 43 - 26. Calculate the greatest common divisor of p and u.
17
Suppose 2*q + 5*j + 14 - 3 = 0, -3*q + j = 8. Let i = 6 - q. Calculate the highest common factor of 9 and i.
9
Suppose 2*i + 0 = -6. Let t(r) = -30*r. Let c be t(i). Calculate the highest common factor of c and 10.
10
Let n = 45 + -9. Suppose 2*g = 4*a - 13 - 7, -3*a + 8 = 2*g. What is the greatest common divisor of a and n?
4
Suppose -b = -6*b - 40. Let w = b + -1. Let o = w - -17. What is the highest common divisor of o and 12?
4
Suppose 3*s + 3 = 4*s - 4*z, 0 = 2*z - 6. Suppose -i + 2*i - 5 = 0. What is the greatest common factor of s and i?
5
Let y = -11 - -22. Suppose 0 = -18*c + 174 + 816. What is the highest common divisor of c and y?
11
Suppose 3*i + 0*i = 0. Let c be 18*(-1 + i + 2). Let d(h) = h**2. Let a be d(3). Calculate the highest common factor of a and c.
9
Suppose 3*h + 18 + 13 = a, -h - 25 = -a. Suppose 3 = 5*n - 7. Suppose -4*c + 18 = -4*b - 2, 3*b = -n*c - 5. Calculate the highest common factor of c and a.
2
Let x be 10*(6 + -4 + 1). Calculate the highest common factor of 30 and x.
30
Let n be (33 - 2)/((-1)/7). Let s = -122 - n. Calculate the highest common factor of 19 and s.
19
Let q be 1 + 0 - 3*-1. Suppose 0 = -q*a + 75 + 125. Calculate the highest common divisor of 75 and a.
25
Suppose 0 = 5*w + 2 + 3. Let k be (-6)/(-9) - (-1)/3. Let r be (-2 + 1)*w*k. What is the greatest common factor of r and 8?
1
Let x = -4 + 4. Let j be 21/(0 + 1 + x). What is the greatest common divisor of 14 and j?
7
Let v be (-2)/3 - (-64)/6. What is the highest common factor of 40 and v?
10
Let t be (-7)/((-7)/4) - -3 - 3. Calculate the highest common factor of 20 and t.
4
Let v(u) = -u**2 - 2*u + 12. Let k be v(0). What is the highest common divisor of k and 6?
6
Suppose 4*p + 3*a - 2*a - 102 = 0, -p + 15 = -5*a. Calculate the greatest common divisor of 225 and p.
25
Let y = -45 + 63.